{"id":2065,"date":"2012-12-27T21:08:39","date_gmt":"2012-12-27T20:08:39","guid":{"rendered":"http:\/\/500er-fiat.de\/?page_id=2065"},"modified":"2012-12-27T21:08:39","modified_gmt":"2012-12-27T20:08:39","slug":"allgemeine-infos","status":"publish","type":"page","link":"https:\/\/www.500er-fiat.de\/?page_id=2065","title":{"rendered":"Allgemeine Infos"},"content":{"rendered":"<h4 style=\"text-align: justify;\"><a href=\"http:\/\/www.500forum.de\" target=\"_blank\" rel=\"noopener noreferrer\"><strong>500forum.de<\/strong><\/a><\/h4>\n<p style=\"text-align: justify;\">DIE Seite zum Thema Fiat 500 im Netz \u00fcberhaupt! Umfangreiche Linksammlung, gro\u00dfes Forum, Chat, Bildersammlung sowie ein interessantes Fiat 500 Lexikon, an dem man selbst mitarbeiten kann. Hervorgegangen aus www.fiat500.de.<\/p>\n<p style=\"text-align: justify;\">Nur zu empfehlen!!!<\/p>\n<p style=\"text-align: justify;\">\n<h4 style=\"text-align: justify;\"><a href=\"http:\/\/www.fiat-126-forum.de\/\" target=\"_blank\" rel=\"noopener noreferrer\"><strong>fiat-126-forum.de<\/strong><\/a><\/h4>\n<p style=\"text-align: justify;\">Wer mit einem 500er unterwegs ist und evtl. auf den gr\u00f6\u00dferen Motor des Fiat 126 aufger\u00fcstet hat, der kann gerade bei Motorfragen auf die Hilfe des 126er Forums von Marc Breuer bauen. Er ist \u00fcbrigens auch Betreiber der privaten Fanpage <strong><a href=\"http:\/\/www.fiat-126.org\" target=\"_blank\" rel=\"noopener noreferrer\">www.fiat-126.org<\/a><\/strong>.<\/p>\n<p style=\"text-align: justify;\">\n<h4 style=\"text-align: justify;\"><a href=\"http:\/\/www.fiat500.ch\" target=\"_blank\" rel=\"noopener noreferrer\"><strong>Fiat 500.ch<\/strong><\/a><\/h4>\n<p style=\"text-align: justify;\">Auch unsere schweizer Nachbarn erfreuen sich am Fiat 500! Claudios Fiat 500 Seite ist nett gemacht. Man erf\u00e4hrt einiges \u00fcber die Geschichte des 500ers und seiner Nachfolger. Besonders beeindruckend ist jedoch die Auflistung der Fiat 500 Derivate, also derjenigen Fahrzeuge, die auf Basis der Knutschkugel gebaut wurden.<\/p>\n<p style=\"text-align: justify;\">\n<h4 style=\"text-align: justify;\"><a href=\"http:\/\/www.oldtimer-info.de\/\" target=\"_blank\" rel=\"noopener noreferrer\"><strong>Oldtimer-Info.de<\/strong><\/a><\/h4>\n<p style=\"text-align: justify;\">Hier geht es nicht um den Fiat 500 im speziellen, sondern ganz allgemein um Oldtimer. Im Download-Bereich finden sich wichtige Infos zum Beispiel rund um das Thema &#8222;Was ist ein Oldtimer?&#8220;, Fahrzeugbewertungen oder auch spezielle Musterkaufvertr\u00e4ge.<\/p>\n<p style=\"text-align: justify;\">Eine wissenswerte Lekt\u00fcre f\u00fcr alle, die planen, sich einen Oldtimer anzuschaffen!<\/p>\n<p style=\"text-align: justify;\">\n<h4 style=\"text-align: justify;\"><a href=\"http:\/\/www.oldtimer-markt.de\/\" target=\"_blank\" rel=\"noopener noreferrer\"><strong>Oldtimer Markt<\/strong><\/a> und <a href=\"http:\/\/www.oldtimer-praxis.de\/\" target=\"_blank\" rel=\"noopener noreferrer\"><strong>Oldtimer Praxis<\/strong><\/a><\/h4>\n<p style=\"text-align: justify;\">Die beiden Fachzeitungen und Pflichtlekt\u00fcren f\u00fcr alle Oldtimer-Liebhaber mit ihrer Pr\u00e4sentation im Netz. Immer wieder sind interessante Artikel des jeweils aktuellen Heftes auch auf den Online-Seiten zu finden.<\/p>\n","protected":false},"excerpt":{"rendered":"<p>500forum.de DIE Seite zum Thema Fiat 500 im Netz \u00fcberhaupt! Umfangreiche Linksammlung, gro\u00dfes Forum, Chat, Bildersammlung sowie ein interessantes Fiat 500 Lexikon, an dem man selbst mitarbeiten kann. Hervorgegangen aus www.fiat500.de. Nur zu empfehlen!!! fiat-126-forum.de Wer mit einem 500er unterwegs<\/p>\n","protected":false},"author":2,"featured_media":0,"parent":2377,"menu_order":0,"comment_status":"closed","ping_status":"closed","template":"","meta":{"footnotes":""},"_links":{"self":[{"href":"https:\/\/www.500er-fiat.de\/index.php?rest_route=\/wp\/v2\/pages\/2065"}],"collection":[{"href":"https:\/\/www.500er-fiat.de\/index.php?rest_route=\/wp\/v2\/pages"}],"about":[{"href":"https:\/\/www.500er-fiat.de\/index.php?rest_route=\/wp\/v2\/types\/page"}],"author":[{"embeddable":true,"href":"https:\/\/www.500er-fiat.de\/index.php?rest_route=\/wp\/v2\/users\/2"}],"replies":[{"embeddable":true,"href":"https:\/\/www.500er-fiat.de\/index.php?rest_route=%2Fwp%2Fv2%2Fcomments&post=2065"}],"version-history":[{"count":0,"href":"https:\/\/www.500er-fiat.de\/index.php?rest_route=\/wp\/v2\/pages\/2065\/revisions"}],"up":[{"embeddable":true,"href":"https:\/\/www.500er-fiat.de\/index.php?rest_route=\/wp\/v2\/pages\/2377"}],"wp:attachment":[{"href":"https:\/\/www.500er-fiat.de\/index.php?rest_route=%2Fwp%2Fv2%2Fmedia&parent=2065"}],"curies":[{"name":"wp","href":"https:\/\/api.w.org\/{rel}","templated":true}]}}