{"id":2063,"date":"2012-12-27T21:08:09","date_gmt":"2012-12-27T20:08:09","guid":{"rendered":"http:\/\/500er-fiat.de\/?page_id=2063"},"modified":"2012-12-27T21:08:09","modified_gmt":"2012-12-27T20:08:09","slug":"clubs","status":"publish","type":"page","link":"https:\/\/www.500er-fiat.de\/?page_id=2063","title":{"rendered":"Clubs"},"content":{"rendered":"<h4 align=\"justify\"><a href=\"http:\/\/www.fiatfloeheruhrpott.de\/\" target=\"_blank\" rel=\"noopener noreferrer\"><strong>Fiat Fl\u00f6he Ruhrpott e.V.<\/strong><\/a><\/h4>\n<p align=\"justify\">Offzielle Seite des Fiat Fl\u00f6he Ruhrpott e.V. mit Sitz in Dortmund. Die Seite beherbergt neben einigen allgemeinen Infos rund um den 500er haupts\u00e4chlich eine kleine Bilderbibliothek mit Fotos von verschiedenen Treffen und Aktivit\u00e4ten des Vereins.<\/p>\n<h4 align=\"justify\"><a href=\"http:\/\/www.iglippe.de\/\" target=\"_blank\" rel=\"noopener noreferrer\"><strong>Fiat 500 IG Lippe<\/strong><\/a><\/h4>\n<p align=\"justify\">Die Seite der IG Lippe ist zwar nicht sehr sch\u00f6n gestaltet und insbesondere die Navigation l\u00e4sst viel zu w\u00fcnschen \u00fcbrig, aber dennoch gibt es einiges. Interessantes zu entdecken: einee Aufstellung s\u00e4mtlicher Fiat 500 Clubs in Deutschland sowie deren Ansprechpartner, Farbdaten, Motorenquerschnitte, Bilder von alten Treffen. Nett.<\/p>\n<h4 align=\"justify\"><a href=\"http:\/\/www.fiat500freunde-esslingen.de\/\" target=\"_blank\" rel=\"noopener noreferrer\"><strong>Fiat 500 Freunde Esslingen<\/strong><\/a><\/h4>\n<p align=\"justify\">Die Seite der Fiat 500 Freunde Esslingen bietet nichts wirklich Neues neben einigen Clubinfos sowie Kontaktadressen zu vielen 500er-Clubs in Deutschland..<\/p>\n<h4 align=\"justify\"><a href=\"http:\/\/www.fuenfhunderter.de\/\" target=\"_blank\" rel=\"noopener noreferrer\"><strong>Fiat 500 IG Rhein-Main<\/strong><\/a><\/h4>\n<p align=\"justify\">Die Seite der IG Rhein-Main ist etwas antiquiert und sehr un\u00fcbersichtlich. Wirklich interessante Infos sind leider nicht zu finden.<\/p>\n<h4 align=\"justify\"><a href=\"http:\/\/www.panini-radente.de\" target=\"_blank\" rel=\"noopener noreferrer\"><strong>Panini Radente Fiat 500 Club e.V.<\/strong><\/a><\/h4>\n<p align=\"justify\">Regelm\u00e4\u00dfig aktualisiert und mit vielen Neuigkeiten rund um Fiat 500, Italien und Co., zeigt sich die Website vom Panini Radente Fiat 500 Club e.V. mit Sitz in Berlin.<\/p>\n<p align=\"justify\">Auch die regelm\u00e4\u00dfig erscheinende Clubzeitschrift mit dem wohlkingenden Namen &#8222;Fettpresse&#8220; kann sich sehen lassen. Sie ist das Aush\u00e4ngeschild des Vereins und findet gro\u00dfen Anklang in der 500er Szene.<\/p>\n<h4 align=\"justify\"><a href=\"http:\/\/www.fiat500freunde.de\/\" target=\"_blank\" rel=\"noopener noreferrer\"><strong>Fiat 500 Freunde Dillingen<\/strong><\/a><\/h4>\n<p align=\"justify\">Die Seite der Fiat 500 Freunde Dillingen. Man bekommt dort eine kleine Marktpreis\u00fcbersicht, ein paar Farbdaten und weitere technische Infos.<\/p>\n<p align=\"justify\">Dar\u00fcber hinaus wird nat\u00fcrlich \u00fcber den Club, seine Mitglieder und die Aktivit\u00e4ten berichtet.<\/p>\n<h4 align=\"justify\"><a href=\"http:\/\/www.fiat500kiel.de\" target=\"_blank\" rel=\"noopener noreferrer\"><strong>Fiat 500 Exclusiv Club Kiel<\/strong><\/a><\/h4>\n<p align=\"justify\">So exklusiv der Name auch sein mag, die Homepage ist es leider nicht ganz so. Ein paar knappe Infos \u00fcber die Entstehung des Clubs sowie einige Fotos der Mitglieder. Au\u00dferdem findet man noch aktuelle Infos \u00fcber das alle zwei Jahre stattfindende Ostseetreffen.<\/p>\n<h4 align=\"justify\"><a href=\"http:\/\/www.500exclusiv.de\/\" target=\"_blank\" rel=\"noopener noreferrer\"><strong>Fiat 500 Exklusiv IG Nordschwaben<\/strong><\/a><\/h4>\n<p align=\"justify\">Huch. Schon wieder was eklusives: Kontaktdaten sowie Infos \u00fcber die Mitglieder sowie ein paar Fotos von deren Fahrzeugen. Au\u00dferdem Infos zu anstehenden Terminen.<\/p>\n<h4 align=\"justify\"><a href=\"http:\/\/fiat500clubamharz.de\/\" target=\"_blank\" rel=\"noopener noreferrer\"><strong>Fiat 500 Club am Harz<\/strong><\/a><\/h4>\n<p align=\"justify\">Die Seite des Fiat 500 Clubs am Harz besteht haupts\u00e4chlich aus netten Bildern von vergangenen Treffen und Fahrzeugen der Mitglieder. Wertvolle individuelle Infos sucht man leider vergebens. Dennoch ist die Seite ganz nett anzuschauen.<\/p>\n<h4 align=\"justify\"><a href=\"http:\/\/www.fiat500club-aachen.de.vu\/\" target=\"_blank\" rel=\"noopener noreferrer\"><strong>Fiat 500 Club &#8222;Wahn und Weite&#8220; Aachen<\/strong><\/a><\/h4>\n<p align=\"justify\">Diese Seite befindet sich noch im Aufbau&#8230;<\/p>\n","protected":false},"excerpt":{"rendered":"<p>Fiat Fl\u00f6he Ruhrpott e.V. Offzielle Seite des Fiat Fl\u00f6he Ruhrpott e.V. mit Sitz in Dortmund. Die Seite beherbergt neben einigen allgemeinen Infos rund um den 500er haupts\u00e4chlich eine kleine Bilderbibliothek mit Fotos von verschiedenen Treffen und Aktivit\u00e4ten des Vereins. Fiat<\/p>\n","protected":false},"author":2,"featured_media":0,"parent":2377,"menu_order":0,"comment_status":"closed","ping_status":"closed","template":"","meta":{"footnotes":""},"_links":{"self":[{"href":"https:\/\/www.500er-fiat.de\/index.php?rest_route=\/wp\/v2\/pages\/2063"}],"collection":[{"href":"https:\/\/www.500er-fiat.de\/index.php?rest_route=\/wp\/v2\/pages"}],"about":[{"href":"https:\/\/www.500er-fiat.de\/index.php?rest_route=\/wp\/v2\/types\/page"}],"author":[{"embeddable":true,"href":"https:\/\/www.500er-fiat.de\/index.php?rest_route=\/wp\/v2\/users\/2"}],"replies":[{"embeddable":true,"href":"https:\/\/www.500er-fiat.de\/index.php?rest_route=%2Fwp%2Fv2%2Fcomments&post=2063"}],"version-history":[{"count":0,"href":"https:\/\/www.500er-fiat.de\/index.php?rest_route=\/wp\/v2\/pages\/2063\/revisions"}],"up":[{"embeddable":true,"href":"https:\/\/www.500er-fiat.de\/index.php?rest_route=\/wp\/v2\/pages\/2377"}],"wp:attachment":[{"href":"https:\/\/www.500er-fiat.de\/index.php?rest_route=%2Fwp%2Fv2%2Fmedia&parent=2063"}],"curies":[{"name":"wp","href":"https:\/\/api.w.org\/{rel}","templated":true}]}}